{"id":930,"date":"2025-03-20T14:18:03","date_gmt":"2025-03-20T13:18:03","guid":{"rendered":"https:\/\/festirural.org\/?page_id=930"},"modified":"2025-03-20T16:22:59","modified_gmt":"2025-03-20T15:22:59","slug":"faire-un-don","status":"publish","type":"page","link":"https:\/\/festirural.org\/index.php\/faire-un-don\/","title":{"rendered":"Nous soutenir"},"content":{"rendered":"\t\t<div data-elementor-type=\"wp-page\" data-elementor-id=\"930\" class=\"elementor elementor-930\">\n\t\t\t\t<div class=\"elementor-element elementor-element-387141dd e-flex e-con-boxed e-con e-parent\" data-id=\"387141dd\" data-element_type=\"container\">\n\t\t\t\t\t<div class=\"e-con-inner\">\n\t\t\t\t<div class=\"elementor-element elementor-element-7a63c02b elementor-widget elementor-widget-text-editor\" data-id=\"7a63c02b\" data-element_type=\"widget\" data-widget_type=\"text-editor.default\">\n\t\t\t\t<div class=\"elementor-widget-container\">\n\t\t\t\t\t\t\t\t\t\t\t\t\t\t\t\t\t<\/div>\n\t\t\t\t<\/div>\n\t\t\t\t\t<\/div>\n\t\t\t\t<\/div>\n\t\t<div class=\"elementor-element elementor-element-629f35c e-flex e-con-boxed e-con e-parent\" data-id=\"629f35c\" data-element_type=\"container\">\n\t\t\t\t\t<div class=\"e-con-inner\">\n\t\t\t\t<div class=\"elementor-element elementor-element-64b92f7 elementor-widget elementor-widget-text-editor\" data-id=\"64b92f7\" data-element_type=\"widget\" data-widget_type=\"text-editor.default\">\n\t\t\t\t<div class=\"elementor-widget-container\">\n\t\t\t\t\t\t\t\t\t<p>\ud83c\udf3f <strong>Soutenez le Festi\u2019Rural !<\/strong> \ud83d\udeb4\u200d\u2642\ufe0f\ud83c\udfb6<\/p>\n<p>Le <strong>Festi\u2019Rural<\/strong>, c\u2019est <strong>le<\/strong> rendez-vous festif et engag\u00e9 pour faire vibrer nos campagnes ! \ud83c\udf89 Un \u00e9v\u00e9nement unique qui met en avant la <strong>culture rurale<\/strong>, les <strong>initiatives locales<\/strong> et la <strong>convivialit\u00e9<\/strong>, avec des d\u00e9bats, de la musique, des rencontres et des d\u00e9couvertes gourmandes. \ud83c\udf3e\ud83c\udfa4<\/p>\n<p>Pour donner vie \u00e0 cette grande f\u00eate, nous avons besoin de <strong>vous<\/strong> ! Chaque don permet de financer les animations, soutenir nos b\u00e9n\u00e9voles et faire rayonner nos territoires. \u2728<\/p>\n<p>\ud83d\udce2 <strong>Chaque euro compte, chaque geste fait grandir l\u2019aventure !<\/strong><\/p>\n<p>\ud83d\udc9a Ensemble, faisons du Festi\u2019Rural un moment inoubliable ! <strong>Faites un don et devenez acteur de la ruralit\u00e9 vivante.<\/strong><\/p>\t\t\t\t\t\t\t\t<\/div>\n\t\t\t\t<\/div>\n\t\t\t\t\t<\/div>\n\t\t\t\t<\/div>\n\t\t<div class=\"elementor-element elementor-element-9cd4dfd e-flex e-con-boxed e-con e-parent\" data-id=\"9cd4dfd\" data-element_type=\"container\">\n\t\t\t\t\t<div class=\"e-con-inner\">\n\t\t\t\t<div class=\"elementor-element elementor-element-c173473 elementor-widget elementor-widget-shortcode\" data-id=\"c173473\" data-element_type=\"widget\" data-widget_type=\"shortcode.default\">\n\t\t\t\t<div class=\"elementor-widget-container\">\n\t\t\t\t\t\t\t<div class=\"elementor-shortcode\"><iframe id=\"haWidget\" allowtransparency=\"true\" scrolling=\"auto\" src=\"https:\/\/www.helloasso.com\/associations\/chretiens-dans-le-monde-rural-cmr\/collectes\/festi-rural\/widget\" style=\"width: 100%; height: 750px; border: none;\"><\/iframe><\/div>\n\t\t\t\t\t\t<\/div>\n\t\t\t\t<\/div>\n\t\t\t\t\t<\/div>\n\t\t\t\t<\/div>\n\t\t\t\t<\/div>\n\t\t","protected":false},"excerpt":{"rendered":"<p>\ud83c\udf3f Soutenez le Festi\u2019Rural ! \ud83d\udeb4\u200d\u2642\ufe0f\ud83c\udfb6 Le Festi\u2019Rural, c\u2019est le rendez-vous festif et engag\u00e9 pour faire vibrer nos campagnes ! \ud83c\udf89 Un \u00e9v\u00e9nement unique qui met en avant la culture rurale, les initiatives locales et la convivialit\u00e9, avec des d\u00e9bats, de la musique, des rencontres et des d\u00e9couvertes gourmandes. \ud83c\udf3e\ud83c\udfa4 Pour donner vie \u00e0 cette [&hellip;]<\/p>\n","protected":false},"author":1,"featured_media":0,"parent":0,"menu_order":0,"comment_status":"closed","ping_status":"closed","template":"","meta":{"_eb_attr":"","footnotes":""},"class_list":["post-930","page","type-page","status-publish","hentry","entry"],"yoast_head":"<!-- This site is optimized with the Yoast SEO plugin v24.8.1 - https:\/\/yoast.com\/wordpress\/plugins\/seo\/ -->\n<title>Nous soutenir - Festi&#039;Rural 2025<\/title>\n<meta name=\"robots\" content=\"index, follow, max-snippet:-1, max-image-preview:large, max-video-preview:-1\" \/>\n<link rel=\"canonical\" href=\"http:\/\/festirural.org\/index.php\/faire-un-don\/\" \/>\n<meta property=\"og:locale\" content=\"fr_FR\" \/>\n<meta property=\"og:type\" content=\"article\" \/>\n<meta property=\"og:title\" content=\"Nous soutenir - Festi&#039;Rural 2025\" \/>\n<meta property=\"og:description\" content=\"\ud83c\udf3f Soutenez le Festi\u2019Rural ! \ud83d\udeb4\u200d\u2642\ufe0f\ud83c\udfb6 Le Festi\u2019Rural, c\u2019est le rendez-vous festif et engag\u00e9 pour faire vibrer nos campagnes ! \ud83c\udf89 Un \u00e9v\u00e9nement unique qui met en avant la culture rurale, les initiatives locales et la convivialit\u00e9, avec des d\u00e9bats, de la musique, des rencontres et des d\u00e9couvertes gourmandes. \ud83c\udf3e\ud83c\udfa4 Pour donner vie \u00e0 cette [&hellip;]\" \/>\n<meta property=\"og:url\" content=\"http:\/\/festirural.org\/index.php\/faire-un-don\/\" \/>\n<meta property=\"og:site_name\" content=\"Festi&#039;Rural 2025\" \/>\n<meta property=\"article:modified_time\" content=\"2025-03-20T15:22:59+00:00\" \/>\n<meta name=\"twitter:card\" content=\"summary_large_image\" \/>\n<meta name=\"twitter:label1\" content=\"Dur\u00e9e de lecture estim\u00e9e\" \/>\n\t<meta name=\"twitter:data1\" content=\"1 minute\" \/>\n<script type=\"application\/ld+json\" class=\"yoast-schema-graph\">{\"@context\":\"https:\/\/schema.org\",\"@graph\":[{\"@type\":\"WebPage\",\"@id\":\"http:\/\/festirural.org\/index.php\/faire-un-don\/\",\"url\":\"http:\/\/festirural.org\/index.php\/faire-un-don\/\",\"name\":\"Nous soutenir - Festi&#039;Rural 2025\",\"isPartOf\":{\"@id\":\"https:\/\/festirural.org\/#website\"},\"datePublished\":\"2025-03-20T13:18:03+00:00\",\"dateModified\":\"2025-03-20T15:22:59+00:00\",\"breadcrumb\":{\"@id\":\"http:\/\/festirural.org\/index.php\/faire-un-don\/#breadcrumb\"},\"inLanguage\":\"fr-FR\",\"potentialAction\":[{\"@type\":\"ReadAction\",\"target\":[\"http:\/\/festirural.org\/index.php\/faire-un-don\/\"]}]},{\"@type\":\"BreadcrumbList\",\"@id\":\"http:\/\/festirural.org\/index.php\/faire-un-don\/#breadcrumb\",\"itemListElement\":[{\"@type\":\"ListItem\",\"position\":1,\"name\":\"Accueil\",\"item\":\"https:\/\/festirural.org\/\"},{\"@type\":\"ListItem\",\"position\":2,\"name\":\"Nous soutenir\"}]},{\"@type\":\"WebSite\",\"@id\":\"https:\/\/festirural.org\/#website\",\"url\":\"https:\/\/festirural.org\/\",\"name\":\"Festi&#039;Rural 2025\",\"description\":\"Le Lioran - Cantal\",\"publisher\":{\"@id\":\"https:\/\/festirural.org\/#organization\"},\"potentialAction\":[{\"@type\":\"SearchAction\",\"target\":{\"@type\":\"EntryPoint\",\"urlTemplate\":\"https:\/\/festirural.org\/?s={search_term_string}\"},\"query-input\":{\"@type\":\"PropertyValueSpecification\",\"valueRequired\":true,\"valueName\":\"search_term_string\"}}],\"inLanguage\":\"fr-FR\"},{\"@type\":\"Organization\",\"@id\":\"https:\/\/festirural.org\/#organization\",\"name\":\"Festi&#039;Rural 2025\",\"url\":\"https:\/\/festirural.org\/\",\"logo\":{\"@type\":\"ImageObject\",\"inLanguage\":\"fr-FR\",\"@id\":\"https:\/\/festirural.org\/#\/schema\/logo\/image\/\",\"url\":\"https:\/\/festirural.org\/wp-content\/uploads\/2024\/09\/cropped-cropped-2024-06-21_16h16_46-removebg-preview.png\",\"contentUrl\":\"https:\/\/festirural.org\/wp-content\/uploads\/2024\/09\/cropped-cropped-2024-06-21_16h16_46-removebg-preview.png\",\"width\":571,\"height\":428,\"caption\":\"Festi&#039;Rural 2025\"},\"image\":{\"@id\":\"https:\/\/festirural.org\/#\/schema\/logo\/image\/\"}}]}<\/script>\n<!-- \/ Yoast SEO plugin. -->","yoast_head_json":{"title":"Nous soutenir - Festi&#039;Rural 2025","robots":{"index":"index","follow":"follow","max-snippet":"max-snippet:-1","max-image-preview":"max-image-preview:large","max-video-preview":"max-video-preview:-1"},"canonical":"http:\/\/festirural.org\/index.php\/faire-un-don\/","og_locale":"fr_FR","og_type":"article","og_title":"Nous soutenir - Festi&#039;Rural 2025","og_description":"\ud83c\udf3f Soutenez le Festi\u2019Rural ! \ud83d\udeb4\u200d\u2642\ufe0f\ud83c\udfb6 Le Festi\u2019Rural, c\u2019est le rendez-vous festif et engag\u00e9 pour faire vibrer nos campagnes ! \ud83c\udf89 Un \u00e9v\u00e9nement unique qui met en avant la culture rurale, les initiatives locales et la convivialit\u00e9, avec des d\u00e9bats, de la musique, des rencontres et des d\u00e9couvertes gourmandes. \ud83c\udf3e\ud83c\udfa4 Pour donner vie \u00e0 cette [&hellip;]","og_url":"http:\/\/festirural.org\/index.php\/faire-un-don\/","og_site_name":"Festi&#039;Rural 2025","article_modified_time":"2025-03-20T15:22:59+00:00","twitter_card":"summary_large_image","twitter_misc":{"Dur\u00e9e de lecture estim\u00e9e":"1 minute"},"schema":{"@context":"https:\/\/schema.org","@graph":[{"@type":"WebPage","@id":"http:\/\/festirural.org\/index.php\/faire-un-don\/","url":"http:\/\/festirural.org\/index.php\/faire-un-don\/","name":"Nous soutenir - Festi&#039;Rural 2025","isPartOf":{"@id":"https:\/\/festirural.org\/#website"},"datePublished":"2025-03-20T13:18:03+00:00","dateModified":"2025-03-20T15:22:59+00:00","breadcrumb":{"@id":"http:\/\/festirural.org\/index.php\/faire-un-don\/#breadcrumb"},"inLanguage":"fr-FR","potentialAction":[{"@type":"ReadAction","target":["http:\/\/festirural.org\/index.php\/faire-un-don\/"]}]},{"@type":"BreadcrumbList","@id":"http:\/\/festirural.org\/index.php\/faire-un-don\/#breadcrumb","itemListElement":[{"@type":"ListItem","position":1,"name":"Accueil","item":"https:\/\/festirural.org\/"},{"@type":"ListItem","position":2,"name":"Nous soutenir"}]},{"@type":"WebSite","@id":"https:\/\/festirural.org\/#website","url":"https:\/\/festirural.org\/","name":"Festi&#039;Rural 2025","description":"Le Lioran - Cantal","publisher":{"@id":"https:\/\/festirural.org\/#organization"},"potentialAction":[{"@type":"SearchAction","target":{"@type":"EntryPoint","urlTemplate":"https:\/\/festirural.org\/?s={search_term_string}"},"query-input":{"@type":"PropertyValueSpecification","valueRequired":true,"valueName":"search_term_string"}}],"inLanguage":"fr-FR"},{"@type":"Organization","@id":"https:\/\/festirural.org\/#organization","name":"Festi&#039;Rural 2025","url":"https:\/\/festirural.org\/","logo":{"@type":"ImageObject","inLanguage":"fr-FR","@id":"https:\/\/festirural.org\/#\/schema\/logo\/image\/","url":"https:\/\/festirural.org\/wp-content\/uploads\/2024\/09\/cropped-cropped-2024-06-21_16h16_46-removebg-preview.png","contentUrl":"https:\/\/festirural.org\/wp-content\/uploads\/2024\/09\/cropped-cropped-2024-06-21_16h16_46-removebg-preview.png","width":571,"height":428,"caption":"Festi&#039;Rural 2025"},"image":{"@id":"https:\/\/festirural.org\/#\/schema\/logo\/image\/"}}]}},"_links":{"self":[{"href":"https:\/\/festirural.org\/index.php\/wp-json\/wp\/v2\/pages\/930","targetHints":{"allow":["GET"]}}],"collection":[{"href":"https:\/\/festirural.org\/index.php\/wp-json\/wp\/v2\/pages"}],"about":[{"href":"https:\/\/festirural.org\/index.php\/wp-json\/wp\/v2\/types\/page"}],"author":[{"embeddable":true,"href":"https:\/\/festirural.org\/index.php\/wp-json\/wp\/v2\/users\/1"}],"replies":[{"embeddable":true,"href":"https:\/\/festirural.org\/index.php\/wp-json\/wp\/v2\/comments?post=930"}],"version-history":[{"count":9,"href":"https:\/\/festirural.org\/index.php\/wp-json\/wp\/v2\/pages\/930\/revisions"}],"predecessor-version":[{"id":941,"href":"https:\/\/festirural.org\/index.php\/wp-json\/wp\/v2\/pages\/930\/revisions\/941"}],"wp:attachment":[{"href":"https:\/\/festirural.org\/index.php\/wp-json\/wp\/v2\/media?parent=930"}],"curies":[{"name":"wp","href":"https:\/\/api.w.org\/{rel}","templated":true}]}}