{"id":999,"date":"2025-07-06T18:36:54","date_gmt":"2025-07-06T16:36:54","guid":{"rendered":"https:\/\/festirural.org\/?page_id=999"},"modified":"2025-07-08T10:42:57","modified_gmt":"2025-07-08T08:42:57","slug":"nos-partenaires","status":"publish","type":"page","link":"http:\/\/festirural.org\/index.php\/nos-partenaires\/","title":{"rendered":"Nos partenaires"},"content":{"rendered":"\t\t<div data-elementor-type=\"wp-page\" data-elementor-id=\"999\" class=\"elementor elementor-999\">\n\t\t\t\t<div class=\"elementor-element elementor-element-273c0da e-flex e-con-boxed e-con e-parent\" data-id=\"273c0da\" data-element_type=\"container\">\n\t\t\t\t\t<div class=\"e-con-inner\">\n\t\t\t\t<div class=\"elementor-element elementor-element-cc5700e elementor-widget elementor-widget-text-editor\" data-id=\"cc5700e\" data-element_type=\"widget\" data-widget_type=\"text-editor.default\">\n\t\t\t\t<div class=\"elementor-widget-container\">\n\t\t\t\t\t\t\t\t\t<p>Le Festi\u2019Rural ne serait pas ce qu\u2019il est sans le soutien pr\u00e9cieux de nombreux partenaires engag\u00e9s \u00e0 nos c\u00f4t\u00e9s. Institutions, collectivit\u00e9s, entreprises locales, associations, restaurateurs, prestataires techniques, &#8230; : ils sont nombreux \u00e0 croire, avec nous, que le monde rural est un lieu d\u2019avenir, de cr\u00e9ativit\u00e9 et de convivialit\u00e9.<\/p><p data-start=\"678\" data-end=\"1159\">Certains nous apportent un soutien financier indispensable \u00e0 la r\u00e9alisation de cet \u00e9v\u00e9nement. D&rsquo;autres mettent \u00e0 disposition du mat\u00e9riel, des infrastructures ou leur savoir-faire technique. Les restaurateurs et producteurs locaux, quant \u00e0 eux, vont ravir les papilles des festivaliers et feront vivre l&rsquo;esprit de la f\u00eate avec leurs produits du terroir. Enfin, plusieurs structures nous accompagnent dans l\u2019organisation, la communication ou l\u2019animation, avec g\u00e9n\u00e9rosit\u00e9 et enthousiasme.<\/p><p data-start=\"1161\" data-end=\"1273\">\u00c0 toutes et tous, un immense merci ! Gr\u00e2ce \u00e0 vous, le Festi\u2019Rural est un lieu vivant, joyeux et porteur de sens.<\/p><p data-start=\"1275\" data-end=\"1373\"><img decoding=\"async\" class=\"emoji\" role=\"img\" draggable=\"false\" src=\"https:\/\/s.w.org\/images\/core\/emoji\/15.1.0\/svg\/1f449.svg\" alt=\"\ud83d\udc49\" \/> D\u00e9couvrez ci-dessous l\u2019ensemble de nos partenaires.<\/p><ul><li>La R\u00e9gion AURA<\/li><li>Le Conseil d\u00e9partemental du Cantal<\/li><li>Le dioc\u00e8se de St Flour<\/li><li>La station du Lioran<\/li><li>Le r\u00e9seau \u00ab\u00a0Bienvenue \u00e0 la ferme dans le Cantal\u00a0\u00bb<\/li><li>Bio 15<\/li><li>La chambre d&rsquo;agriculture du cantal<\/li><li><span style=\"font-size: 12px;\">Le Syndicat Mixte du Lioran\u00a0<\/span><\/li><li>la commune de Laveissi\u00e8re<\/li><li>la commune de Saint Jacques des Blats<\/li><li>la communaut\u00e9 de commune de C\u00e8re et Goul en Carlad\u00e8s<\/li><li>l&rsquo;ONF avec l&rsquo;Unit\u00e9 territoriale Est Cantal\u00a0\u00a0<\/li><li>le coll\u00e8ge ND des Oliviers de Neussargues\u00a0<\/li><li>Paroisse de Laveissi\u00e8re\u00a0<\/li><\/ul><p data-start=\"1275\" data-end=\"1373\">\u00a0<\/p>\t\t\t\t\t\t\t\t<\/div>\n\t\t\t\t<\/div>\n\t\t\t\t\t<\/div>\n\t\t\t\t<\/div>\n\t\t\t\t<\/div>\n\t\t","protected":false},"excerpt":{"rendered":"<p>Le Festi\u2019Rural ne serait pas ce qu\u2019il est sans le soutien pr\u00e9cieux de nombreux partenaires engag\u00e9s \u00e0 nos c\u00f4t\u00e9s. Institutions, collectivit\u00e9s, entreprises locales, associations, restaurateurs, prestataires techniques, &#8230; : ils sont nombreux \u00e0 croire, avec nous, que le monde rural est un lieu d\u2019avenir, de cr\u00e9ativit\u00e9 et de convivialit\u00e9. Certains nous apportent un soutien financier [&hellip;]<\/p>\n","protected":false},"author":1,"featured_media":0,"parent":0,"menu_order":0,"comment_status":"closed","ping_status":"closed","template":"","meta":{"_eb_attr":"","footnotes":""},"class_list":["post-999","page","type-page","status-publish","hentry","entry"],"yoast_head":"<!-- This site is optimized with the Yoast SEO plugin v24.8.1 - https:\/\/yoast.com\/wordpress\/plugins\/seo\/ -->\n<title>Nos partenaires - Festi&#039;Rural 2025<\/title>\n<meta name=\"robots\" content=\"index, follow, max-snippet:-1, max-image-preview:large, max-video-preview:-1\" \/>\n<link rel=\"canonical\" href=\"https:\/\/festirural.org\/index.php\/nos-partenaires\/\" \/>\n<meta property=\"og:locale\" content=\"fr_FR\" \/>\n<meta property=\"og:type\" content=\"article\" \/>\n<meta property=\"og:title\" content=\"Nos partenaires - Festi&#039;Rural 2025\" \/>\n<meta property=\"og:description\" content=\"Le Festi\u2019Rural ne serait pas ce qu\u2019il est sans le soutien pr\u00e9cieux de nombreux partenaires engag\u00e9s \u00e0 nos c\u00f4t\u00e9s. Institutions, collectivit\u00e9s, entreprises locales, associations, restaurateurs, prestataires techniques, &#8230; : ils sont nombreux \u00e0 croire, avec nous, que le monde rural est un lieu d\u2019avenir, de cr\u00e9ativit\u00e9 et de convivialit\u00e9. Certains nous apportent un soutien financier [&hellip;]\" \/>\n<meta property=\"og:url\" content=\"https:\/\/festirural.org\/index.php\/nos-partenaires\/\" \/>\n<meta property=\"og:site_name\" content=\"Festi&#039;Rural 2025\" \/>\n<meta property=\"article:modified_time\" content=\"2025-07-08T08:42:57+00:00\" \/>\n<meta property=\"og:image\" content=\"https:\/\/s.w.org\/images\/core\/emoji\/15.1.0\/svg\/1f449.svg\" \/>\n<meta name=\"twitter:card\" content=\"summary_large_image\" \/>\n<meta name=\"twitter:label1\" content=\"Dur\u00e9e de lecture estim\u00e9e\" \/>\n\t<meta name=\"twitter:data1\" content=\"2 minutes\" \/>\n<script type=\"application\/ld+json\" class=\"yoast-schema-graph\">{\"@context\":\"https:\/\/schema.org\",\"@graph\":[{\"@type\":\"WebPage\",\"@id\":\"https:\/\/festirural.org\/index.php\/nos-partenaires\/\",\"url\":\"https:\/\/festirural.org\/index.php\/nos-partenaires\/\",\"name\":\"Nos partenaires - Festi&#039;Rural 2025\",\"isPartOf\":{\"@id\":\"https:\/\/festirural.org\/#website\"},\"primaryImageOfPage\":{\"@id\":\"https:\/\/festirural.org\/index.php\/nos-partenaires\/#primaryimage\"},\"image\":{\"@id\":\"https:\/\/festirural.org\/index.php\/nos-partenaires\/#primaryimage\"},\"thumbnailUrl\":\"https:\/\/s.w.org\/images\/core\/emoji\/15.1.0\/svg\/1f449.svg\",\"datePublished\":\"2025-07-06T16:36:54+00:00\",\"dateModified\":\"2025-07-08T08:42:57+00:00\",\"breadcrumb\":{\"@id\":\"https:\/\/festirural.org\/index.php\/nos-partenaires\/#breadcrumb\"},\"inLanguage\":\"fr-FR\",\"potentialAction\":[{\"@type\":\"ReadAction\",\"target\":[\"https:\/\/festirural.org\/index.php\/nos-partenaires\/\"]}]},{\"@type\":\"ImageObject\",\"inLanguage\":\"fr-FR\",\"@id\":\"https:\/\/festirural.org\/index.php\/nos-partenaires\/#primaryimage\",\"url\":\"https:\/\/s.w.org\/images\/core\/emoji\/15.1.0\/svg\/1f449.svg\",\"contentUrl\":\"https:\/\/s.w.org\/images\/core\/emoji\/15.1.0\/svg\/1f449.svg\"},{\"@type\":\"BreadcrumbList\",\"@id\":\"https:\/\/festirural.org\/index.php\/nos-partenaires\/#breadcrumb\",\"itemListElement\":[{\"@type\":\"ListItem\",\"position\":1,\"name\":\"Accueil\",\"item\":\"https:\/\/festirural.org\/\"},{\"@type\":\"ListItem\",\"position\":2,\"name\":\"Nos partenaires\"}]},{\"@type\":\"WebSite\",\"@id\":\"https:\/\/festirural.org\/#website\",\"url\":\"https:\/\/festirural.org\/\",\"name\":\"Festi&#039;Rural 2025\",\"description\":\"Le Lioran - Cantal\",\"publisher\":{\"@id\":\"https:\/\/festirural.org\/#organization\"},\"potentialAction\":[{\"@type\":\"SearchAction\",\"target\":{\"@type\":\"EntryPoint\",\"urlTemplate\":\"https:\/\/festirural.org\/?s={search_term_string}\"},\"query-input\":{\"@type\":\"PropertyValueSpecification\",\"valueRequired\":true,\"valueName\":\"search_term_string\"}}],\"inLanguage\":\"fr-FR\"},{\"@type\":\"Organization\",\"@id\":\"https:\/\/festirural.org\/#organization\",\"name\":\"Festi&#039;Rural 2025\",\"url\":\"https:\/\/festirural.org\/\",\"logo\":{\"@type\":\"ImageObject\",\"inLanguage\":\"fr-FR\",\"@id\":\"https:\/\/festirural.org\/#\/schema\/logo\/image\/\",\"url\":\"http:\/\/festirural.org\/wp-content\/uploads\/2024\/09\/cropped-cropped-2024-06-21_16h16_46-removebg-preview.png\",\"contentUrl\":\"http:\/\/festirural.org\/wp-content\/uploads\/2024\/09\/cropped-cropped-2024-06-21_16h16_46-removebg-preview.png\",\"width\":571,\"height\":428,\"caption\":\"Festi&#039;Rural 2025\"},\"image\":{\"@id\":\"https:\/\/festirural.org\/#\/schema\/logo\/image\/\"}}]}<\/script>\n<!-- \/ Yoast SEO plugin. -->","yoast_head_json":{"title":"Nos partenaires - Festi&#039;Rural 2025","robots":{"index":"index","follow":"follow","max-snippet":"max-snippet:-1","max-image-preview":"max-image-preview:large","max-video-preview":"max-video-preview:-1"},"canonical":"https:\/\/festirural.org\/index.php\/nos-partenaires\/","og_locale":"fr_FR","og_type":"article","og_title":"Nos partenaires - Festi&#039;Rural 2025","og_description":"Le Festi\u2019Rural ne serait pas ce qu\u2019il est sans le soutien pr\u00e9cieux de nombreux partenaires engag\u00e9s \u00e0 nos c\u00f4t\u00e9s. Institutions, collectivit\u00e9s, entreprises locales, associations, restaurateurs, prestataires techniques, &#8230; : ils sont nombreux \u00e0 croire, avec nous, que le monde rural est un lieu d\u2019avenir, de cr\u00e9ativit\u00e9 et de convivialit\u00e9. Certains nous apportent un soutien financier [&hellip;]","og_url":"https:\/\/festirural.org\/index.php\/nos-partenaires\/","og_site_name":"Festi&#039;Rural 2025","article_modified_time":"2025-07-08T08:42:57+00:00","og_image":[{"url":"https:\/\/s.w.org\/images\/core\/emoji\/15.1.0\/svg\/1f449.svg","type":"","width":"","height":""}],"twitter_card":"summary_large_image","twitter_misc":{"Dur\u00e9e de lecture estim\u00e9e":"2 minutes"},"schema":{"@context":"https:\/\/schema.org","@graph":[{"@type":"WebPage","@id":"https:\/\/festirural.org\/index.php\/nos-partenaires\/","url":"https:\/\/festirural.org\/index.php\/nos-partenaires\/","name":"Nos partenaires - Festi&#039;Rural 2025","isPartOf":{"@id":"https:\/\/festirural.org\/#website"},"primaryImageOfPage":{"@id":"https:\/\/festirural.org\/index.php\/nos-partenaires\/#primaryimage"},"image":{"@id":"https:\/\/festirural.org\/index.php\/nos-partenaires\/#primaryimage"},"thumbnailUrl":"https:\/\/s.w.org\/images\/core\/emoji\/15.1.0\/svg\/1f449.svg","datePublished":"2025-07-06T16:36:54+00:00","dateModified":"2025-07-08T08:42:57+00:00","breadcrumb":{"@id":"https:\/\/festirural.org\/index.php\/nos-partenaires\/#breadcrumb"},"inLanguage":"fr-FR","potentialAction":[{"@type":"ReadAction","target":["https:\/\/festirural.org\/index.php\/nos-partenaires\/"]}]},{"@type":"ImageObject","inLanguage":"fr-FR","@id":"https:\/\/festirural.org\/index.php\/nos-partenaires\/#primaryimage","url":"https:\/\/s.w.org\/images\/core\/emoji\/15.1.0\/svg\/1f449.svg","contentUrl":"https:\/\/s.w.org\/images\/core\/emoji\/15.1.0\/svg\/1f449.svg"},{"@type":"BreadcrumbList","@id":"https:\/\/festirural.org\/index.php\/nos-partenaires\/#breadcrumb","itemListElement":[{"@type":"ListItem","position":1,"name":"Accueil","item":"https:\/\/festirural.org\/"},{"@type":"ListItem","position":2,"name":"Nos partenaires"}]},{"@type":"WebSite","@id":"https:\/\/festirural.org\/#website","url":"https:\/\/festirural.org\/","name":"Festi&#039;Rural 2025","description":"Le Lioran - Cantal","publisher":{"@id":"https:\/\/festirural.org\/#organization"},"potentialAction":[{"@type":"SearchAction","target":{"@type":"EntryPoint","urlTemplate":"https:\/\/festirural.org\/?s={search_term_string}"},"query-input":{"@type":"PropertyValueSpecification","valueRequired":true,"valueName":"search_term_string"}}],"inLanguage":"fr-FR"},{"@type":"Organization","@id":"https:\/\/festirural.org\/#organization","name":"Festi&#039;Rural 2025","url":"https:\/\/festirural.org\/","logo":{"@type":"ImageObject","inLanguage":"fr-FR","@id":"https:\/\/festirural.org\/#\/schema\/logo\/image\/","url":"http:\/\/festirural.org\/wp-content\/uploads\/2024\/09\/cropped-cropped-2024-06-21_16h16_46-removebg-preview.png","contentUrl":"http:\/\/festirural.org\/wp-content\/uploads\/2024\/09\/cropped-cropped-2024-06-21_16h16_46-removebg-preview.png","width":571,"height":428,"caption":"Festi&#039;Rural 2025"},"image":{"@id":"https:\/\/festirural.org\/#\/schema\/logo\/image\/"}}]}},"_links":{"self":[{"href":"http:\/\/festirural.org\/index.php\/wp-json\/wp\/v2\/pages\/999","targetHints":{"allow":["GET"]}}],"collection":[{"href":"http:\/\/festirural.org\/index.php\/wp-json\/wp\/v2\/pages"}],"about":[{"href":"http:\/\/festirural.org\/index.php\/wp-json\/wp\/v2\/types\/page"}],"author":[{"embeddable":true,"href":"http:\/\/festirural.org\/index.php\/wp-json\/wp\/v2\/users\/1"}],"replies":[{"embeddable":true,"href":"http:\/\/festirural.org\/index.php\/wp-json\/wp\/v2\/comments?post=999"}],"version-history":[{"count":8,"href":"http:\/\/festirural.org\/index.php\/wp-json\/wp\/v2\/pages\/999\/revisions"}],"predecessor-version":[{"id":1011,"href":"http:\/\/festirural.org\/index.php\/wp-json\/wp\/v2\/pages\/999\/revisions\/1011"}],"wp:attachment":[{"href":"http:\/\/festirural.org\/index.php\/wp-json\/wp\/v2\/media?parent=999"}],"curies":[{"name":"wp","href":"https:\/\/api.w.org\/{rel}","templated":true}]}}

<div data-elementor-type="wp-page" data-elementor-id="999" class="elementor elementor-999">
				<div class="elementor-element elementor-element-273c0da e-flex e-con-boxed e-con e-parent" data-id="273c0da" data-element_type="container">
					<div class="e-con-inner">
				<div class="elementor-element elementor-element-cc5700e elementor-widget elementor-widget-text-editor" data-id="cc5700e" data-element_type="widget" data-widget_type="text-editor.default">
				<div class="elementor-widget-container">
									<p>Le Festi’Rural ne serait pas ce qu’il est sans le soutien précieux de nombreux partenaires engagés à nos côtés. Institutions, collectivités, entreprises locales, associations, restaurateurs, prestataires techniques, &#8230; : ils sont nombreux à croire, avec nous, que le monde rural est un lieu d’avenir, de créativité et de convivialité.</p><p data-start="678" data-end="1159">Certains nous apportent un soutien financier indispensable à la réalisation de cet événement. D&rsquo;autres mettent à disposition du matériel, des infrastructures ou leur savoir-faire technique. Les restaurateurs et producteurs locaux, quant à eux, vont ravir les papilles des festivaliers et feront vivre l&rsquo;esprit de la fête avec leurs produits du terroir. Enfin, plusieurs structures nous accompagnent dans l’organisation, la communication ou l’animation, avec générosité et enthousiasme.</p><p data-start="1161" data-end="1273">À toutes et tous, un immense merci ! Grâce à vous, le Festi’Rural est un lieu vivant, joyeux et porteur de sens.</p><p data-start="1275" data-end="1373"><img decoding="async" class="emoji" role="img" draggable="false" src="https://s.w.org/images/core/emoji/15.1.0/svg/1f449.svg" alt="👉" /> Découvrez ci-dessous l’ensemble de nos partenaires.</p><ul><li>La Région AURA</li><li>Le Conseil départemental du Cantal</li><li>Le diocèse de St Flour</li><li>La station du Lioran</li><li>Le réseau « Bienvenue à la ferme dans le Cantal »</li><li>Bio 15</li><li>La chambre d&rsquo;agriculture du cantal</li><li><span style="font-size: 12px;">Le Syndicat Mixte du Lioran </span></li><li>la commune de Laveissière</li><li>la commune de Saint Jacques des Blats</li><li>la communauté de commune de Cère et Goul en Carladès</li><li>l&rsquo;ONF avec l&rsquo;Unité territoriale Est Cantal  </li><li>le collège ND des Oliviers de Neussargues </li><li>Paroisse de Laveissière </li></ul><p data-start="1275" data-end="1373"> </p>								</div>
				</div>
					</div>
				</div>
				</div>

<p>Le Festi’Rural ne serait pas ce qu’il est sans le soutien précieux de nombreux partenaires engagés à nos côtés. Institutions, collectivités, entreprises locales, associations, restaurateurs, prestataires techniques, &#8230; : ils sont nombreux à croire, avec nous, que le monde rural est un lieu d’avenir, de créativité et de convivialité. Certains nous apportent un soutien financier [&hellip;]</p>

<!-- This site is optimized with the Yoast SEO plugin v24.8.1 - https://yoast.com/wordpress/plugins/seo/ -->
<title>Nos partenaires - Festi&#039;Rural 2025</title>
<meta name="robots" content="index, follow, max-snippet:-1, max-image-preview:large, max-video-preview:-1" />
<link rel="canonical" href="https://festirural.org/index.php/nos-partenaires/" />
<meta property="og:locale" content="fr_FR" />
<meta property="og:type" content="article" />
<meta property="og:title" content="Nos partenaires - Festi&#039;Rural 2025" />
<meta property="og:description" content="Le Festi’Rural ne serait pas ce qu’il est sans le soutien précieux de nombreux partenaires engagés à nos côtés. Institutions, collectivités, entreprises locales, associations, restaurateurs, prestataires techniques, &#8230; : ils sont nombreux à croire, avec nous, que le monde rural est un lieu d’avenir, de créativité et de convivialité. Certains nous apportent un soutien financier [&hellip;]" />
<meta property="og:url" content="https://festirural.org/index.php/nos-partenaires/" />
<meta property="og:site_name" content="Festi&#039;Rural 2025" />
<meta property="article:modified_time" content="2025-07-08T08:42:57+00:00" />
<meta property="og:image" content="https://s.w.org/images/core/emoji/15.1.0/svg/1f449.svg" />
<meta name="twitter:card" content="summary_large_image" />
<meta name="twitter:label1" content="Durée de lecture estimée" />
	<meta name="twitter:data1" content="2 minutes" />
<script type="application/ld+json" class="yoast-schema-graph">{"@context":"https://schema.org","@graph":[{"@type":"WebPage","@id":"https://festirural.org/index.php/nos-partenaires/","url":"https://festirural.org/index.php/nos-partenaires/","name":"Nos partenaires - Festi&#039;Rural 2025","isPartOf":{"@id":"https://festirural.org/#website"},"primaryImageOfPage":{"@id":"https://festirural.org/index.php/nos-partenaires/#primaryimage"},"image":{"@id":"https://festirural.org/index.php/nos-partenaires/#primaryimage"},"thumbnailUrl":"https://s.w.org/images/core/emoji/15.1.0/svg/1f449.svg","datePublished":"2025-07-06T16:36:54+00:00","dateModified":"2025-07-08T08:42:57+00:00","breadcrumb":{"@id":"https://festirural.org/index.php/nos-partenaires/#breadcrumb"},"inLanguage":"fr-FR","potentialAction":[{"@type":"ReadAction","target":["https://festirural.org/index.php/nos-partenaires/"]}]},{"@type":"ImageObject","inLanguage":"fr-FR","@id":"https://festirural.org/index.php/nos-partenaires/#primaryimage","url":"https://s.w.org/images/core/emoji/15.1.0/svg/1f449.svg","contentUrl":"https://s.w.org/images/core/emoji/15.1.0/svg/1f449.svg"},{"@type":"BreadcrumbList","@id":"https://festirural.org/index.php/nos-partenaires/#breadcrumb","itemListElement":[{"@type":"ListItem","position":1,"name":"Accueil","item":"https://festirural.org/"},{"@type":"ListItem","position":2,"name":"Nos partenaires"}]},{"@type":"WebSite","@id":"https://festirural.org/#website","url":"https://festirural.org/","name":"Festi&#039;Rural 2025","description":"Le Lioran - Cantal","publisher":{"@id":"https://festirural.org/#organization"},"potentialAction":[{"@type":"SearchAction","target":{"@type":"EntryPoint","urlTemplate":"https://festirural.org/?s={search_term_string}"},"query-input":{"@type":"PropertyValueSpecification","valueRequired":true,"valueName":"search_term_string"}}],"inLanguage":"fr-FR"},{"@type":"Organization","@id":"https://festirural.org/#organization","name":"Festi&#039;Rural 2025","url":"https://festirural.org/","logo":{"@type":"ImageObject","inLanguage":"fr-FR","@id":"https://festirural.org/#/schema/logo/image/","url":"http://festirural.org/wp-content/uploads/2024/09/cropped-cropped-2024-06-21_16h16_46-removebg-preview.png","contentUrl":"http://festirural.org/wp-content/uploads/2024/09/cropped-cropped-2024-06-21_16h16_46-removebg-preview.png","width":571,"height":428,"caption":"Festi&#039;Rural 2025"},"image":{"@id":"https://festirural.org/#/schema/logo/image/"}}]}</script>
<!-- / Yoast SEO plugin. -->

Le Festi’Rural ne serait pas ce qu’il est sans le soutien précieux de nombreux partenaires engagés à nos côtés. Institutions, collectivités, entreprises locales, associations, restaurateurs, prestataires techniques, &#8230; : ils sont nombreux à croire, avec nous, que le monde rural est un lieu d’avenir, de créativité et de convivialité. Certains nous apportent un soutien financier [&hellip;]
