{"id":105,"date":"2024-09-19T14:27:34","date_gmt":"2024-09-19T12:27:34","guid":{"rendered":"https:\/\/festirural.org\/?page_id=105"},"modified":"2024-10-10T17:15:34","modified_gmt":"2024-10-10T15:15:34","slug":"boutique","status":"publish","type":"page","link":"http:\/\/festirural.org\/index.php\/boutique\/","title":{"rendered":"Boutique"},"content":{"rendered":"\n<div class=\"wp-block-cover alignfull\" style=\"padding-top:2%;min-height:30rem;aspect-ratio:unset;\"><span aria-hidden=\"true\" class=\"wp-block-cover__background has-background-dim-0 has-background-dim\" style=\"background-color:#8a765e\"><\/span><img fetchpriority=\"high\" decoding=\"async\" width=\"1920\" height=\"2400\" class=\"wp-block-cover__image-background wp-image-140\" alt=\"\" src=\"http:\/\/festirural.org\/wp-content\/uploads\/2024\/09\/farhad-ibrahimzade-UQ50GwZLwX8-unsplash-1.jpg\" data-object-fit=\"cover\" srcset=\"http:\/\/festirural.org\/wp-content\/uploads\/2024\/09\/farhad-ibrahimzade-UQ50GwZLwX8-unsplash-1.jpg 1920w, http:\/\/festirural.org\/wp-content\/uploads\/2024\/09\/farhad-ibrahimzade-UQ50GwZLwX8-unsplash-1-600x750.jpg 600w, http:\/\/festirural.org\/wp-content\/uploads\/2024\/09\/farhad-ibrahimzade-UQ50GwZLwX8-unsplash-1-240x300.jpg 240w, http:\/\/festirural.org\/wp-content\/uploads\/2024\/09\/farhad-ibrahimzade-UQ50GwZLwX8-unsplash-1-819x1024.jpg 819w, http:\/\/festirural.org\/wp-content\/uploads\/2024\/09\/farhad-ibrahimzade-UQ50GwZLwX8-unsplash-1-768x960.jpg 768w, http:\/\/festirural.org\/wp-content\/uploads\/2024\/09\/farhad-ibrahimzade-UQ50GwZLwX8-unsplash-1-1229x1536.jpg 1229w, http:\/\/festirural.org\/wp-content\/uploads\/2024\/09\/farhad-ibrahimzade-UQ50GwZLwX8-unsplash-1-1638x2048.jpg 1638w\" sizes=\"(max-width: 1920px) 100vw, 1920px\" \/><div class=\"wp-block-cover__inner-container is-layout-constrained wp-container-core-cover-is-layout-a807f0f6 wp-block-cover-is-layout-constrained\">\n<div class=\"wp-block-group alignwide is-vertical is-content-justification-center is-layout-flex wp-container-core-group-is-layout-dae89687 wp-block-group-is-layout-flex\" style=\"min-height:8rem\">\n<div class=\"wp-block-group\"><div class=\"wp-block-group__inner-container is-layout-constrained wp-container-core-group-is-layout-5ca99053 wp-block-group-is-layout-constrained\">\n<h2 class=\"wp-block-heading has-text-align-center has-luminous-vivid-amber-color has-text-color\" style=\"margin-top:0rem;margin-bottom:1.01rem;font-size:5.7rem;line-height:1;text-transform:capitalize\"><strong>Boutique<\/strong><\/h2>\n<\/div><\/div>\n<\/div>\n<\/div><\/div>\n\n\n\n<div class=\"wp-block-cover alignfull is-light\" style=\"padding-top:100px;padding-bottom:120px;min-height:660px;aspect-ratio:unset;\"><span aria-hidden=\"true\" class=\"wp-block-cover__background has-base-background-color has-background-dim-0 has-background-dim\"><\/span><div class=\"wp-block-cover__inner-container is-layout-constrained wp-container-core-cover-is-layout-5b66dbec wp-block-cover-is-layout-constrained\">\n<div class=\"wp-block-columns is-layout-flex wp-container-core-columns-is-layout-443b427d wp-block-columns-is-layout-flex\" style=\"padding-top:0px;padding-bottom:0px\">\n<div class=\"wp-block-column is-layout-flow wp-block-column-is-layout-flow\">\n<h2 class=\"wp-block-heading has-text-align-center has-text-color has-large-font-size\" style=\"color:#000000;margin-bottom:20px;line-height:1.3\">Notre S\u00e9lection de Fromages pour vous !<\/h2>\n\n\n\n<p class=\"has-text-align-center has-text-color\" style=\"color:#000000;font-size:18px\">Cette boutique propos\u00e9e par le Mouvement&nbsp;<a href=\"https:\/\/chretiens-ruraux.fr\/\">Chr\u00e9tiens en Monde Rural<\/a>&nbsp;a pour objectif de nous pr\u00e9parer au Fersti&rsquo;Rural qui aura lieu du 22 au 24 ao\u00fbt 2025 \u00e0&nbsp;<a href=\"https:\/\/maps.app.goo.gl\/MDK7KerbNtCiXueD7\">la station du Lioran<\/a>&nbsp;dans le Cantal<\/p>\n\n\n\n<p class=\"has-text-align-center has-text-color\" style=\"color:#000000;font-size:18px;font-style:normal;font-weight:500\">Les fromages du Festi&rsquo;Rural vous sont propos\u00e9s par&nbsp;<a href=\"https:\/\/www.fromages-du-cantal.com\/\">la fromagerie des monts du Cantal<\/a>. En achetant ces produits en ligne, vous contribuez \u00e0 l&rsquo;organisation du Festi&rsquo;Rural.&nbsp;<\/p>\n\n\n\n<h4 class=\"wp-block-heading has-text-align-center has-medium-font-size\">Note importante<\/h4>\n\n\n\n<p class=\"has-text-align-center has-text-color\" style=\"color:#000000;font-size:18px;font-style:normal;font-weight:500\">Ces produits de qualit\u00e9 vous seront livr\u00e9s dans le strict respect des r\u00e8gles d&rsquo;hygi\u00e8ne par un transporteur sp\u00e9cialis\u00e9. C&rsquo;est pour cette raison qu&rsquo;un forfait de livraison est demand\u00e9. Le montant de 30 \u20ac par commande est ind\u00e9pendant de la distance ou de la quantit\u00e9 de produits. C&rsquo;est pourquoi, nous vous invitons \u00e0 vous regrouper en famille, entre voisins ou amis, par d\u00e9partement par r\u00e9gion \ud83d\ude0a de sorte \u00e0 partager ce co\u00fbt. Pour cela, il est n\u00e9cessaire dans votre commande, d&rsquo;indiquer \u201c1\u201d dans la rubrique \u201cForfait de livraison\u201d (\u00e0 la fin de la liste des fromages). Pour un retrait sur place au magasin \u2026..&nbsp;<\/p>\n<\/div>\n<\/div>\n<\/div><\/div>\n\n\n\n<iframe id=\"haWidget\" allowtransparency=\"true\" scrolling=\"auto\" src=https:\/\/www.helloasso.com\/associations\/chretiens-dans-le-monde-rural-cmr\/boutiques\/les-fromages-du-festi-rural-dans-le-cantal\/widget style=\"width: 100%; height: 750px; border: none;\"><\/iframe>\n\n\n\n<p><\/p>\n\n\n","protected":false},"excerpt":{"rendered":"","protected":false},"author":1,"featured_media":0,"parent":0,"menu_order":0,"comment_status":"closed","ping_status":"closed","template":"","meta":{"_eb_attr":"","footnotes":""},"class_list":["post-105","page","type-page","status-publish","hentry","entry"],"yoast_head":"<!-- This site is optimized with the Yoast SEO plugin v24.8.1 - https:\/\/yoast.com\/wordpress\/plugins\/seo\/ -->\n<title>Boutique - Festi&#039;Rural 2025<\/title>\n<meta name=\"robots\" content=\"index, follow, max-snippet:-1, max-image-preview:large, max-video-preview:-1\" \/>\n<link rel=\"canonical\" href=\"http:\/\/festirural.org\/index.php\/boutique\/\" \/>\n<meta property=\"og:locale\" content=\"fr_FR\" \/>\n<meta property=\"og:type\" content=\"article\" \/>\n<meta property=\"og:title\" content=\"Boutique - Festi&#039;Rural 2025\" \/>\n<meta property=\"og:url\" content=\"http:\/\/festirural.org\/index.php\/boutique\/\" \/>\n<meta property=\"og:site_name\" content=\"Festi&#039;Rural 2025\" \/>\n<meta property=\"article:modified_time\" content=\"2024-10-10T15:15:34+00:00\" \/>\n<meta property=\"og:image\" content=\"http:\/\/festirural.org\/wp-content\/uploads\/2024\/09\/farhad-ibrahimzade-UQ50GwZLwX8-unsplash-1.jpg\" \/>\n<meta name=\"twitter:card\" content=\"summary_large_image\" \/>\n<meta name=\"twitter:label1\" content=\"Dur\u00e9e de lecture estim\u00e9e\" \/>\n\t<meta name=\"twitter:data1\" content=\"2 minutes\" \/>\n<script type=\"application\/ld+json\" class=\"yoast-schema-graph\">{\"@context\":\"https:\/\/schema.org\",\"@graph\":[{\"@type\":\"WebPage\",\"@id\":\"http:\/\/festirural.org\/index.php\/boutique\/\",\"url\":\"http:\/\/festirural.org\/index.php\/boutique\/\",\"name\":\"Boutique - Festi&#039;Rural 2025\",\"isPartOf\":{\"@id\":\"http:\/\/festirural.org\/#website\"},\"primaryImageOfPage\":{\"@id\":\"http:\/\/festirural.org\/index.php\/boutique\/#primaryimage\"},\"image\":{\"@id\":\"http:\/\/festirural.org\/index.php\/boutique\/#primaryimage\"},\"thumbnailUrl\":\"http:\/\/festirural.org\/wp-content\/uploads\/2024\/09\/farhad-ibrahimzade-UQ50GwZLwX8-unsplash-1.jpg\",\"datePublished\":\"2024-09-19T12:27:34+00:00\",\"dateModified\":\"2024-10-10T15:15:34+00:00\",\"breadcrumb\":{\"@id\":\"http:\/\/festirural.org\/index.php\/boutique\/#breadcrumb\"},\"inLanguage\":\"fr-FR\",\"potentialAction\":[{\"@type\":\"ReadAction\",\"target\":[\"http:\/\/festirural.org\/index.php\/boutique\/\"]}]},{\"@type\":\"ImageObject\",\"inLanguage\":\"fr-FR\",\"@id\":\"http:\/\/festirural.org\/index.php\/boutique\/#primaryimage\",\"url\":\"http:\/\/festirural.org\/wp-content\/uploads\/2024\/09\/farhad-ibrahimzade-UQ50GwZLwX8-unsplash-1.jpg\",\"contentUrl\":\"http:\/\/festirural.org\/wp-content\/uploads\/2024\/09\/farhad-ibrahimzade-UQ50GwZLwX8-unsplash-1.jpg\",\"width\":1920,\"height\":2400},{\"@type\":\"BreadcrumbList\",\"@id\":\"http:\/\/festirural.org\/index.php\/boutique\/#breadcrumb\",\"itemListElement\":[{\"@type\":\"ListItem\",\"position\":1,\"name\":\"Accueil\",\"item\":\"http:\/\/festirural.org\/\"},{\"@type\":\"ListItem\",\"position\":2,\"name\":\"Boutique\"}]},{\"@type\":\"WebSite\",\"@id\":\"http:\/\/festirural.org\/#website\",\"url\":\"http:\/\/festirural.org\/\",\"name\":\"Festi&#039;Rural 2025\",\"description\":\"Le Lioran - Cantal\",\"publisher\":{\"@id\":\"http:\/\/festirural.org\/#organization\"},\"potentialAction\":[{\"@type\":\"SearchAction\",\"target\":{\"@type\":\"EntryPoint\",\"urlTemplate\":\"http:\/\/festirural.org\/?s={search_term_string}\"},\"query-input\":{\"@type\":\"PropertyValueSpecification\",\"valueRequired\":true,\"valueName\":\"search_term_string\"}}],\"inLanguage\":\"fr-FR\"},{\"@type\":\"Organization\",\"@id\":\"http:\/\/festirural.org\/#organization\",\"name\":\"Festi&#039;Rural 2025\",\"url\":\"http:\/\/festirural.org\/\",\"logo\":{\"@type\":\"ImageObject\",\"inLanguage\":\"fr-FR\",\"@id\":\"http:\/\/festirural.org\/#\/schema\/logo\/image\/\",\"url\":\"http:\/\/festirural.org\/wp-content\/uploads\/2024\/09\/cropped-cropped-2024-06-21_16h16_46-removebg-preview.png\",\"contentUrl\":\"http:\/\/festirural.org\/wp-content\/uploads\/2024\/09\/cropped-cropped-2024-06-21_16h16_46-removebg-preview.png\",\"width\":571,\"height\":428,\"caption\":\"Festi&#039;Rural 2025\"},\"image\":{\"@id\":\"http:\/\/festirural.org\/#\/schema\/logo\/image\/\"}}]}<\/script>\n<!-- \/ Yoast SEO plugin. -->","yoast_head_json":{"title":"Boutique - Festi&#039;Rural 2025","robots":{"index":"index","follow":"follow","max-snippet":"max-snippet:-1","max-image-preview":"max-image-preview:large","max-video-preview":"max-video-preview:-1"},"canonical":"http:\/\/festirural.org\/index.php\/boutique\/","og_locale":"fr_FR","og_type":"article","og_title":"Boutique - Festi&#039;Rural 2025","og_url":"http:\/\/festirural.org\/index.php\/boutique\/","og_site_name":"Festi&#039;Rural 2025","article_modified_time":"2024-10-10T15:15:34+00:00","og_image":[{"url":"http:\/\/festirural.org\/wp-content\/uploads\/2024\/09\/farhad-ibrahimzade-UQ50GwZLwX8-unsplash-1.jpg","type":"","width":"","height":""}],"twitter_card":"summary_large_image","twitter_misc":{"Dur\u00e9e de lecture estim\u00e9e":"2 minutes"},"schema":{"@context":"https:\/\/schema.org","@graph":[{"@type":"WebPage","@id":"http:\/\/festirural.org\/index.php\/boutique\/","url":"http:\/\/festirural.org\/index.php\/boutique\/","name":"Boutique - Festi&#039;Rural 2025","isPartOf":{"@id":"http:\/\/festirural.org\/#website"},"primaryImageOfPage":{"@id":"http:\/\/festirural.org\/index.php\/boutique\/#primaryimage"},"image":{"@id":"http:\/\/festirural.org\/index.php\/boutique\/#primaryimage"},"thumbnailUrl":"http:\/\/festirural.org\/wp-content\/uploads\/2024\/09\/farhad-ibrahimzade-UQ50GwZLwX8-unsplash-1.jpg","datePublished":"2024-09-19T12:27:34+00:00","dateModified":"2024-10-10T15:15:34+00:00","breadcrumb":{"@id":"http:\/\/festirural.org\/index.php\/boutique\/#breadcrumb"},"inLanguage":"fr-FR","potentialAction":[{"@type":"ReadAction","target":["http:\/\/festirural.org\/index.php\/boutique\/"]}]},{"@type":"ImageObject","inLanguage":"fr-FR","@id":"http:\/\/festirural.org\/index.php\/boutique\/#primaryimage","url":"http:\/\/festirural.org\/wp-content\/uploads\/2024\/09\/farhad-ibrahimzade-UQ50GwZLwX8-unsplash-1.jpg","contentUrl":"http:\/\/festirural.org\/wp-content\/uploads\/2024\/09\/farhad-ibrahimzade-UQ50GwZLwX8-unsplash-1.jpg","width":1920,"height":2400},{"@type":"BreadcrumbList","@id":"http:\/\/festirural.org\/index.php\/boutique\/#breadcrumb","itemListElement":[{"@type":"ListItem","position":1,"name":"Accueil","item":"http:\/\/festirural.org\/"},{"@type":"ListItem","position":2,"name":"Boutique"}]},{"@type":"WebSite","@id":"http:\/\/festirural.org\/#website","url":"http:\/\/festirural.org\/","name":"Festi&#039;Rural 2025","description":"Le Lioran - Cantal","publisher":{"@id":"http:\/\/festirural.org\/#organization"},"potentialAction":[{"@type":"SearchAction","target":{"@type":"EntryPoint","urlTemplate":"http:\/\/festirural.org\/?s={search_term_string}"},"query-input":{"@type":"PropertyValueSpecification","valueRequired":true,"valueName":"search_term_string"}}],"inLanguage":"fr-FR"},{"@type":"Organization","@id":"http:\/\/festirural.org\/#organization","name":"Festi&#039;Rural 2025","url":"http:\/\/festirural.org\/","logo":{"@type":"ImageObject","inLanguage":"fr-FR","@id":"http:\/\/festirural.org\/#\/schema\/logo\/image\/","url":"http:\/\/festirural.org\/wp-content\/uploads\/2024\/09\/cropped-cropped-2024-06-21_16h16_46-removebg-preview.png","contentUrl":"http:\/\/festirural.org\/wp-content\/uploads\/2024\/09\/cropped-cropped-2024-06-21_16h16_46-removebg-preview.png","width":571,"height":428,"caption":"Festi&#039;Rural 2025"},"image":{"@id":"http:\/\/festirural.org\/#\/schema\/logo\/image\/"}}]}},"_links":{"self":[{"href":"http:\/\/festirural.org\/index.php\/wp-json\/wp\/v2\/pages\/105","targetHints":{"allow":["GET"]}}],"collection":[{"href":"http:\/\/festirural.org\/index.php\/wp-json\/wp\/v2\/pages"}],"about":[{"href":"http:\/\/festirural.org\/index.php\/wp-json\/wp\/v2\/types\/page"}],"author":[{"embeddable":true,"href":"http:\/\/festirural.org\/index.php\/wp-json\/wp\/v2\/users\/1"}],"replies":[{"embeddable":true,"href":"http:\/\/festirural.org\/index.php\/wp-json\/wp\/v2\/comments?post=105"}],"version-history":[{"count":30,"href":"http:\/\/festirural.org\/index.php\/wp-json\/wp\/v2\/pages\/105\/revisions"}],"predecessor-version":[{"id":423,"href":"http:\/\/festirural.org\/index.php\/wp-json\/wp\/v2\/pages\/105\/revisions\/423"}],"wp:attachment":[{"href":"http:\/\/festirural.org\/index.php\/wp-json\/wp\/v2\/media?parent=105"}],"curies":[{"name":"wp","href":"https:\/\/api.w.org\/{rel}","templated":true}]}}